?
3
What is the units digit of 6307?
7
What is the units digit of 13665?
5
What is the units digit of 29?
9
What is the hundreds digit of 54821?
8
What is the hundreds digit of 530?
5
What is the ten thousands digit of 30976?
3
What is the tens digit of 984?
8
What is the ten thousands digit of 24001?
2
What is the ten thousands digit of 12146?
1
What is the hundreds digit of 1029?
0
What is the tens digit of 2532?
3
What is the ten thousands digit of 90052?
9
What is the ten thousands digit of 13072?
1
What is the tens digit of 518?
1
What is the hundreds digit of 761?
7
What is the tens digit of 1857?
5
What is the hundreds digit of 34548?
5
What is the hundreds digit of 74883?
8
What is the hundreds digit of 339?
3
What is the units digit of 1770?
0
What is the thousands digit of 1908?
1
What is the hundred thousands digit of 127842?
1
What is the hundreds digit of 1824?
8
What is the hundreds digit of 10605?
6
What is the thousands digit of 1391?
1
What is the tens digit of 13856?
5
What is the tens digit of 8671?
7
What is the thousands digit of 18631?
8
What is the units digit of 313?
3
What is the tens digit of 7013?
1
What is the ten thousands digit of 115071?
1
What is the tens digit of 24169?
6
What is the ten thousands digit of 13981?
1
What is the thousands digit of 11003?
1
What is the thousands digit of 86817?
6
What is the units digit of 359?
9
What is the units digit of 59?
9
What is the hundreds digit of 1581?
5
What is the ten thousands digit of 13513?
1
What is the ten thousands digit of 123733?
2
What is the units digit of 8764?
4
What is the units digit of 7676?
6
What is the tens digit of 181567?
6
What is the units digit of 4486?
6
What is the ten thousands digit of 111626?
1
What is the tens digit of 8174?
7
What is the units digit of 735?
5
What is the hundreds digit of 8400?
4
What is the thousands digit of 2064?
2
What is the units digit of 107248?
8
What is the tens digit of 1422?
2
What is the ten thousands digit of 11671?
1
What is the hundreds digit of 5190?
1
What is the units digit of 1897?
7
What is the tens digit of 1418?
1
What is the hundreds digit of 1863?
8
What is the thousands digit of 2010?
2
What is the ten thousands digit of 62106?
6
What is the hundreds digit of 381?
3
What is the thousands digit of 12268?
2
What is the hundreds digit of 21220?
2
What is the tens digit of 42601?
0
What is the tens digit of 1741?
4
What is the tens digit of 748?
4
What is the hundreds digit of 1245?
2
What is the tens digit of 557?
5
What is the tens digit of 25222?
2
What is the thousands digit of 23379?
3
What is the hundreds digit of 68375?
3
What is the thousands digit of 23166?
3
What is the units digit of 18256?
6
What is the ten thousands digit of 10719?
1
What is the tens digit of 1315?
1
What is the tens digit of 72451?
5
What is the thousands digit of 56589?
6
What is the thousands digit of 7860?
7
What is the units digit of 562?
2
What is the hundreds digit of 49955?
9
What is the tens digit of 8983?
8
What is the tens digit of 1932?
3
What is the tens digit of 415?
1
What is the tens digit of 42943?
4
What is the units digit of 42439?
9
What is the ten thousands digit of 75065?
7
What is the tens digit of 5930?
3
What is the hundreds digit of 1003?
0
What is the thousands digit of 6743?
6
What is the tens digit of 4403?
0
What is the tens digit of 5288?
8
What is the units digit of 160286?
6
What is the hundreds digit of 1701?
7
What is the units digit of 49916?
6
What is the hundreds digit of 294?
2
What is the tens digit of 1389?
8
What is the thousands digit of 1506?
1
What is the tens digit of 44394?
9
What is the thousands digit of 2930?
2
What is the tens digit of 6157?
5
What is the tens digit of 492?
9
What is the tens digit of 70113?
1
What is the hundreds digit of 1048?
0
What is the units digit of 1432?
2
What is the tens digit of 800?
0
What is the units digit of 55239?
9
What is the units digit of 140?
0
What is the hundreds digit of 55366?
3
What is the hundreds digit of 32685?
6
What is the units digit of 3328?
8
What is the thousands digit of 16803?
6
What is the hundreds digit of 75419?
4
What is the hundreds digit of 744?
7
What is the thousands digit of 2820?
2
What is the thousands digit of 33217?
3
What is the hundreds digit of 124?
1
What is the tens digit of 594?
9
What is the hundreds digit of 117806?
8
What is the thousands digit of 103789?
3
What is the thousands digit of 2178?
2
What is the hundreds digit of 55782?
7
What is the tens digit of 34074?
7
What is the units digit of 9369?
9
What is the tens digit of 1461?
6
What is the hundreds digit of 835?
8
What is the units digit of 873?
3
What is the units digit of 270?
0
What is the hundreds digit of 764?
7
What is the hundreds digit of 8058?
0
What is the thousands digit of 110155?
0
What is the hundreds digit of 16461?
4
What is the units digit of 1688?
8
What is the hundreds digit of 6272?
2
What is the thousands digit of 25685?
5
What is the units digit of 19810?
0
What is the units digit of 2862?
2
What is the tens digit of 17074?
7
What is the hundreds digit of 18906?
9
What is the hundreds digit of 2506?
5
What is the ten thousands digit of 25662?
2
What is the thousands digit of 26417?
6
What is the hundreds digit of 2600?
6
What is the units digit of 11?
1
What is the thousands digit of 13335?
3
What is the hundreds digit of 3535?
5
What is the units digit of 37072?
2
What is the hundreds digit of 4152?
1
What is the tens digit of 856?
5
What is the tens digit of 27628?
2
What is the hundreds digit of 22239?
2
What is the thousands digit of 1245?
1
What is the thousands digit of 65523?
5
What is the thousands digit of 12861?
2
What is the tens digit of 668?
6
What is the thousands digit of 18076?
8
What is the units digit of 48?
8
What is the units digit of 78250?
0
What is the tens digit of 2752?
5
What is the hundreds digit of 7998?
9
What is the units digit of 1548?
8
What is the units digit of 2937?
7
What is the tens digit of 504?
0
What is the thousands digit of 19367?
9
What is the tens digit of 1687?
8
What is the thousands digit of 4284?
4
What is the tens digit of 6530?
3
What is the tens digit of 2335?
3
What is the tens digit of 7832?
3
What is the tens digit of 66596?
9
What is the thousands digit of 4053?
4
What is the hundreds digit of 1146?
1
What is the units digit of 14333?
3
What is the units digit of 14323?
3
What is the thousands digit of 8432?
8
What is the units digit of 9666?
6
What is the tens digit of 17312?
1
What is the hundreds digit of 20412?
4
What is the thousands digit of 3621?
3
What is the hundreds digit of 4181?
1
What is the thousands digit of 2920?
2
What is the thousands digit of 22560?
2
What is the tens digit of 16342?
4
What is the tens digit of 3985?
8
What is the hundreds digit of 544?
5
What is the hundred thousands digit of 170069?
1
What is the units digit of 3200?
0
What is the ten thousands digit of 46282?
4
What is the units digit of 1549?
9
What is the tens digit of 10606?
0
What is the thousands digit of 1571?
1
What is the units digit of 3266?
6
What is the thousands digit of 3552?
3
What is the thousands digit of 4871?
4
What is the tens digit of 6806?
0
What is the thousands digit of 26476?
6
What is the thousands digit of 10429?
0
What is the thousands digit of 5647?
5
What is the hundreds digit of 9485?
4
What is the tens digit of 33029?
2
What is the units digit of 1447?
7
What is the tens digit of 37679?
7
What is the tens digit of 6786?
8
What is the tens digit of 3316?
1
What is the units digit of 2006?
6
What is the hundreds digit of 15252?
2
What is the ten thousands digit of 135748?
3
What is the units digit of 36508?
8
What is the tens digit of 2789?
8
What is the thousands digit of 1223?
1
What is the thousands digit of 33347?
3
What is the units digit of 19454?
4
What is the ten thousands digit of 10753?
1
What is the thousands digit of 3861?
3
What is the units digit of 7698?
8
What is the units digit of 150?
0
What is the tens digit of 39037?
3
What is the units digit of 414?
4
What is the tens digit of 461?
6
What is the units digit of 40990?
0
What is the units digit of 6817?
7
What is the tens digit of 73757?
5
What is the thousands digit of 1